{"id":3601,"date":"2022-08-25T09:56:55","date_gmt":"2022-08-25T12:56:55","guid":{"rendered":"https:\/\/guianf.com.br\/empregos\/?page_id=3601"},"modified":"2022-08-25T09:56:55","modified_gmt":"2022-08-25T12:56:55","slug":"trabalhar-e-viver-em-portugal","status":"publish","type":"page","link":"https:\/\/guianf.com.br\/empregos\/trabalhar-fora\/trabalhar-e-viver-em-portugal\/","title":{"rendered":"Trabalhar e VIVER em Portugal"},"content":{"rendered":"\n<figure class=\"wp-block-image size-large\"><img decoding=\"async\" src=\"https:\/\/guianf.com.br\/empregos\/wp-content\/uploads\/sites\/2\/2022\/08\/Portugal-01-edited-1024x577.jpg\" alt=\"\" class=\"wp-image-3602\" \/><\/figure>\n\n\n\n<p>O sonho de morar fora acompanha os brasileiros h\u00e1 muitos anos, trabalhar e viver em Portugal se tornou uma op\u00e7\u00e3o para v\u00e1rias pessoas que buscam mais qualidade de vida e seguran\u00e7a. Por suas caracter\u00edsticas semelhantes \u00e0s do Brasil quando se fala em idioma e clima.<br><br>O Governo de Portugal est\u00e1 cada vez mais facilitando a vida de quem deseja trabalhar, morar, viver ou estudar em Portugal.<br><br>O\u00a0<strong>BBC Brasil<\/strong>\u00a0apurou que mais de <strong>87 mil brasileiros conseguiram obter a cidadania portuguesa<\/strong> em um prazo de seis anos, o que mostra uma tend\u00eancia de facilita\u00e7\u00e3o dos processos por parte do pa\u00eds europeu. Esse est\u00edmulo \u00e0 imigra\u00e7\u00e3o tem a ver com a necessidade de rejuvenescer a popula\u00e7\u00e3o local.<br><br><strong>E voc\u00ea, j\u00e1 pensou em morar em Portugal ?<\/strong><\/p>\n\n\n\n<p>O <strong>Manual de Portugal<\/strong> \u00e9 um <strong>guia pr\u00e1tico que vai te ajudar a realizar esse sonho<\/strong>, com diversas informa\u00e7\u00f5es essenciais para se legalizar, trabalhar e morar em Portugal.<\/p>\n\n\n\n<p><strong>Nesse Guia voc\u00ea vai encontrar<\/strong>:<\/p>\n\n\n\n<ul class=\"wp-block-list\">\n<li>Como economizar em passagem a\u00e9reas e&nbsp;hospedagem barata<\/li>\n\n\n\n<li>Como fazer o NIF (o CPF Portugu\u00eas)&nbsp; e&nbsp;NISS ( N\u00famero de Previd\u00eancia Social de Portugal)<\/li>\n\n\n\n<li>Como dirigir com CNH Brasileira<\/li>\n\n\n\n<li>Sites para procurar trabalho em Portugal<\/li>\n\n\n\n<li>Sites para alugar im\u00f3veis<\/li>\n\n\n\n<li>Dicas de cidades mais baratas para viver em Portugal<\/li>\n\n\n\n<li>Tipos de Vistos&nbsp;e muitas outras informa\u00e7\u00f5es importantes.<\/li>\n<\/ul>\n\n\n\n<p>* B\u00f4nus Especial passo a passo quando chegar em Portugal<br>* B\u00f4nus Edital do programa de aux\u00edlio para morar no interior<br>* B\u00f4nus Formul\u00e1rios de Sa\u00fade de cada Pa\u00eds<\/p>\n\n\n\n<div class=\"wp-block-buttons is-layout-flex wp-block-buttons-is-layout-flex\">\n<div class=\"wp-block-button\"><a class=\"wp-block-button__link wp-element-button\" href=\"https:\/\/hotm.art\/ManualdePortugal\" target=\"_blank\" rel=\"noreferrer noopener\">Acessar o Manual de Portugal &#8211; Guia Pr\u00e1tico<\/a><\/div>\n<\/div>\n","protected":false},"excerpt":{"rendered":"<p>O sonho de morar fora acompanha os brasileiros h\u00e1 muitos anos, trabalhar e viver em Portugal se tornou uma op\u00e7\u00e3o [&hellip;]<\/p>\n","protected":false},"author":2,"featured_media":0,"parent":3175,"menu_order":0,"comment_status":"closed","ping_status":"closed","template":"","meta":{"site-sidebar-layout":"default","site-content-layout":"","ast-site-content-layout":"default","site-content-style":"default","site-sidebar-style":"default","ast-global-header-display":"","ast-banner-title-visibility":"","ast-main-header-display":"","ast-hfb-above-header-display":"","ast-hfb-below-header-display":"","ast-hfb-mobile-header-display":"","site-post-title":"","ast-breadcrumbs-content":"","ast-featured-img":"","footer-sml-layout":"","ast-disable-related-posts":"","theme-transparent-header-meta":"","adv-header-id-meta":"","stick-header-meta":"","header-above-stick-meta":"","header-main-stick-meta":"","header-below-stick-meta":"","astra-migrate-meta-layouts":"default","ast-page-background-enabled":"default","ast-page-background-meta":{"desktop":{"background-color":"var(--ast-global-color-4)","background-image":"","background-repeat":"repeat","background-position":"center center","background-size":"auto","background-attachment":"scroll","background-type":"","background-media":"","overlay-type":"","overlay-color":"","overlay-opacity":"","overlay-gradient":""},"tablet":{"background-color":"","background-image":"","background-repeat":"repeat","background-position":"center center","background-size":"auto","background-attachment":"scroll","background-type":"","background-media":"","overlay-type":"","overlay-color":"","overlay-opacity":"","overlay-gradient":""},"mobile":{"background-color":"","background-image":"","background-repeat":"repeat","background-position":"center center","background-size":"auto","background-attachment":"scroll","background-type":"","background-media":"","overlay-type":"","overlay-color":"","overlay-opacity":"","overlay-gradient":""}},"ast-content-background-meta":{"desktop":{"background-color":"var(--ast-global-color-5)","background-image":"","background-repeat":"repeat","background-position":"center center","background-size":"auto","background-attachment":"scroll","background-type":"","background-media":"","overlay-type":"","overlay-color":"","overlay-opacity":"","overlay-gradient":""},"tablet":{"background-color":"var(--ast-global-color-5)","background-image":"","background-repeat":"repeat","background-position":"center center","background-size":"auto","background-attachment":"scroll","background-type":"","background-media":"","overlay-type":"","overlay-color":"","overlay-opacity":"","overlay-gradient":""},"mobile":{"background-color":"var(--ast-global-color-5)","background-image":"","background-repeat":"repeat","background-position":"center center","background-size":"auto","background-attachment":"scroll","background-type":"","background-media":"","overlay-type":"","overlay-color":"","overlay-opacity":"","overlay-gradient":""}},"footnotes":""},"class_list":["post-3601","page","type-page","status-publish","hentry"],"_links":{"self":[{"href":"https:\/\/guianf.com.br\/empregos\/wp-json\/wp\/v2\/pages\/3601","targetHints":{"allow":["GET"]}}],"collection":[{"href":"https:\/\/guianf.com.br\/empregos\/wp-json\/wp\/v2\/pages"}],"about":[{"href":"https:\/\/guianf.com.br\/empregos\/wp-json\/wp\/v2\/types\/page"}],"author":[{"embeddable":true,"href":"https:\/\/guianf.com.br\/empregos\/wp-json\/wp\/v2\/users\/2"}],"replies":[{"embeddable":true,"href":"https:\/\/guianf.com.br\/empregos\/wp-json\/wp\/v2\/comments?post=3601"}],"version-history":[{"count":0,"href":"https:\/\/guianf.com.br\/empregos\/wp-json\/wp\/v2\/pages\/3601\/revisions"}],"up":[{"embeddable":true,"href":"https:\/\/guianf.com.br\/empregos\/wp-json\/wp\/v2\/pages\/3175"}],"wp:attachment":[{"href":"https:\/\/guianf.com.br\/empregos\/wp-json\/wp\/v2\/media?parent=3601"}],"curies":[{"name":"wp","href":"https:\/\/api.w.org\/{rel}","templated":true}]}}